 remainder when 2190805 is divided by 1259.
145
What is the remainder when 76392 is divided by 3755?
1292
Calculate the remainder when 1475821 is divided by 188.
21
What is the remainder when 1858564762 is divided by 36?
34
Calculate the remainder when 97033 is divided by 4652.
3993
Calculate the remainder when 1329078 is divided by 83.
82
Calculate the remainder when 47778 is divided by 5572.
3202
What is the remainder when 152041 is divided by 151382?
659
Calculate the remainder when 1185741 is divided by 43912.
117
Calculate the remainder when 1866598 is divided by 373310.
48
What is the remainder when 67348 is divided by 20497?
5857
What is the remainder when 5634062 is divided by 549?
224
What is the remainder when 5612457 is divided by 23?
20
Calculate the remainder when 490135 is divided by 210.
205
What is the remainder when 74648272 is divided by 5836?
5832
Calculate the remainder when 6115838 is divided by 21.
8
What is the remainder when 13630603 is divided by 149?
83
What is the remainder when 4717155 is divided by 4717137?
18
Calculate the remainder when 23393 is divided by 11004.
1385
What is the remainder when 44314071 is divided by 311?
303
What is the remainder when 351130099 is divided by 194?
187
Calculate the remainder when 340603 is divided by 7337.
3101
Calculate the remainder when 69989781 is divided by 6998978.
1
Calculate the remainder when 1744250 is divided by 6389.
53
Calculate the remainder when 1342899 is divided by 1662.
3
Calculate the remainder when 240641778 is divided by 9.
3
Calculate the remainder when 740162 is divided by 66.
38
What is the remainder when 4827867 is divided by 2100?
2067
What is the remainder when 3686253 is divided by 23?
20
Calculate the remainder when 38829664 is divided by 1688246.
6
What is the remainder when 64181727 is divided by 94?
31
What is the remainder when 123976 is divided by 13727?
433
What is the remainder when 261334 is divided by 43145?
2464
Calculate the remainder when 711483 is divided by 30.
3
Calculate the remainder when 62590857 is divided by 45.
42
What is the remainder when 70102513 is divided by 22?
19
What is the remainder when 1892461 is divided by 293?
267
What is the remainder when 88838 is divided by 29593?
59
Calculate the remainder when 465997 is divided by 154800.
1597
Calculate the remainder when 27327 is divided by 8962.
441
What is the remainder when 151615 is divided by 195?
100
What is the remainder when 8257063 is divided by 148?
143
What is the remainder when 85537 is divided by 27837?
2026
Calculate the remainder when 787950 is divided by 2726.
136
Calculate the remainder when 10727030 is divided by 335.
330
What is the remainder when 1324014 is divided by 5990?
224
What is the remainder when 78786 is divided by 232?
138
Calculate the remainder when 1465413 is divided by 488433.
114
What is the remainder when 3983049 is divided by 22128?
9
What is the remainder when 242426 is divided by 80794?
44
Calculate the remainder when 510844 is divided by 85.
79
Calculate the remainder when 21264629 is divided by 7088188.
65
Calculate the remainder when 194763 is divided by 93074.
8615
What is the remainder when 212045 is divided by 5449?
4983
Calculate the remainder when 136844791 is divided by 444.
439
What is the remainder when 3866003 is divided by 977?
14
What is the remainder when 14533574 is divided by 2945?
2944
What is the remainder when 19224017 is divided by 130?
7
Calculate the remainder when 25128806 is divided by 25128789.
17
Calculate the remainder when 1286084 is divided by 246.
242
What is the remainder when 16983086 is divided by 4317?
8
Calculate the remainder when 39111573 is divided by 11.
6
Calculate the remainder when 467451 is divided by 13704.
1515
Calculate the remainder when 583003 is divided by 1701.
1261
What is the remainder when 2200893 is divided by 518?
429
What is the remainder when 109523 is divided by 1793?
150
Calculate the remainder when 5554073 is divided by 347.
338
Calculate the remainder when 157205 is divided by 3922.
325
Calculate the remainder when 11406 is divided by 1924.
1786
Calculate the remainder when 242835142 is divided by 59.
51
What is the remainder when 1595822 is divided by 136?
134
What is the remainder when 2043148 is divided by 185721?
217
Calculate the remainder when 122643358 is divided by 966.
964
What is the remainder when 220810 is divided by 1087?
149
What is the remainder when 4358848 is divided by 9817?
100
Calculate the remainder when 22933 is divided by 6487.
3472
Calculate the remainder when 43134759 is divided by 824.
7
Calculate the remainder when 873433 is divided by 66.
55
What is the remainder when 11491467 is divided by 36950?
17
What is the remainder when 995418 is divided by 2458?
2386
Calculate the remainder when 865631 is divided by 89.
17
What is the remainder when 3527 is divided by 549?
233
What is the remainder when 460342 is divided by 65763?
1
Calculate the remainder when 388265 is divided by 194132.
1
What is the remainder when 67159 is divided by 2036?
2007
Calculate the remainder when 33006 is divided by 112.
78
Calculate the remainder when 41119779 is divided by 102288.
3
What is the remainder when 64394 is divided by 1890?
134
What is the remainder when 1431372 is divided by 2028?
1632
What is the remainder when 31036 is divided by 29415?
1621
Calculate the remainder when 36101 is divided by 1968.
677
Calculate the remainder when 23447 is divided by 6257.
4676
What is the remainder when 9979 is divided by 2068?
1707
What is the remainder when 2338087 is divided by 311?
300
What is the remainder when 2286996 is divided by 326709?
33
What is the remainder when 7757676 is divided by 259?
108
Calculate the remainder when 8966709 is divided by 12183.
21
Calculate the remainder when 8926236 is divided by 1880.
1876
What is the remainder when 736957 is divided by 11350?
10557
What is the remainder when 6866030 is divided by 113?
37
Calculate the remainder when 15851940 is divided by 233.
18
What is the remainder when 117305489 is divided by 4536?
4529
Calculate the remainder when 1130908484 is divided by 6719.
6718
Calculate the remainder when 7088441 is divided by 20666.
3
What is the remainder when 43420 is divided by 493?
36
Calculate the remainder when 8382158 is divided by 20.
18
What is the remainder when 864344 is divided by 1715?
1699
Calculate the remainder when 1454105 is divided by 104.
81
What is the remainder when 21461439 is divided by 1227?
1209
Calculate the remainder when 2295 is divided by 1025.
245
Calculate the remainder when 5904594 is divided by 870.
774
What is the remainder when 82524799 is divided by 3034?
3033
What is the remainder when 5208 is divided by 948?
468
What is the remainder when 3919855 is divided by 37?
1
Calculate the remainder when 898000 is divided by 686.
26
What is the remainder when 12873990 is divided by 9629?
17
Calculate the remainder when 292999 is divided by 48702.
787
Calculate the remainder when 1759215 is divided by 325.
315
What is the remainder when 201644804 is divided by 5963?
5959
Calculate the remainder when 27938011 is divided by 669.
571
What is the remainder when 171260 is divided by 603?
8
What is the remainder when 10712 is divided by 68?
36
What is the remainder when 307850 is divided by 307765?
85
Calculate the remainder when 259898 is divided by 21654.
50
Calculate the remainder when 1165004 is divided by 83188.
372
Calculate the remainder when 20364492 is divided by 960.
12
What is the remainder when 240416 is divided by 704?
352
Calculate the remainder when 1386215 is divided by 6441.
1400
Calculate the remainder when 1601381819 is divided by 149.
147
Calculate the remainder when 536202 is divided by 683.
47
Calculate the remainder when 86694319 is divided by 8669428.
39
What is the remainder when 346248 is divided by 86473?
356
Calculate the remainder when 2619658 is divided by 852.
610
Calculate the remainder when 10445 is divided by 2382.
917
Calculate the remainder when 85256807 is divided by 1395.
1382
Calculate the remainder when 117427 is divided by 660.
607
What is the remainder when 497737 is divided by 404?
9
Calculate the remainder when 33957 is divided by 3613.
1440
What is the remainder w